363 = 0, 0*o + 3*o - 3*t - 13083 = 0. List the prime factors of o.
2, 5, 109
What are the prime factors of (-1 - -38) + 0 + (0 - -3)?
2, 5
Let r(u) = -7*u**3 - 25*u**2 - 9*u + 65. Let b(t) = 3*t**3 + 13*t**2 + 5*t - 32. Let k(d) = 9*b(d) + 4*r(d). List the prime factors of k(17).
5
Suppose -7*b + 138 = -2837. Suppose 0 = -8*o + 279 + b. What are the prime factors of o?
2, 11
Let h = 170 + 456. List the prime factors of h.
2, 313
Let z be (306/(-8))/(-1 + 37/40). Suppose r + 185 = 3*r - 3*s, -2*s + z = 5*r. List the prime factors of r.
2, 5
Let h = 90 - 130. Let p be (-16)/h + (-3)/(-5). What are the prime factors of 10 + p + -4 + 2?
3
List the prime factors of (-6 + (260 - 3))*1.
251
Suppose -4*p = -2*j - 658, 0 = -0*j + 4*j + 12. List the prime factors of p.
163
Suppose 5557 = -5*d - 5*z + 13797, z + 6602 = 4*d. List the prime factors of d.
2, 3, 5, 11
Let k(s) = -7*s + 2 - s**2 - s**3 - s - 7*s**2 + 0*s**2. What are the prime factors of k(-8)?
2, 3, 11
Let f be 6/(-8)*12/(-3). Suppose -k = -f*k + 18. List the prime factors of k.
3
Let f(m) = 298*m - 27. List the prime factors of f(1).
271
Let c(u) = 11*u**3 - 2*u**2 + 7*u - 12. What are the prime factors of c(3)?
2, 3
Let y be 5/(34/42 + 6/(-9)). Let u = y - -87. What are the prime factors of u?
2, 61
Suppose 5*a - 267 = -107. Suppose -2*b + 4*b - a = 0. Let i = b - 11. What are the prime factors of i?
5
Let h = -29 - -228. Suppose w = 2*m + 201, -2*w + 3*w - 3*m = h. Suppose -2*g + 4*a + a + 61 = 0, -5*g + w = 5*a. List the prime factors of g.
2, 19
Let o(f) = f**2 - 10*f - 1. Let w be 1 + ((-13)/5)/(1/(-5)). List the prime factors of o(w).
5, 11
List the prime factors of (-5 - -2)*3660/(-36).
5, 61
Let h(v) be the second derivative of 29*v**3/6 + 41*v**2 + 6*v. What are the prime factors of h(7)?
3, 5, 19
Let z(h) = 0*h + 14 - 5 - 3*h. Let r = -26 + 17. What are the prime factors of z(r)?
2, 3
Let a be 158 + (-1 - (0 + 3)). Let d = a - 72. Let c = d - 44. List the prime factors of c.
2, 19
Let y = 7 + -5. Let q be (1/(-2))/(1/y). Let c = q - -11. List the prime factors of c.
2, 5
Let t = -18 - -42. Suppose -2*r - 2 = 0, -2*j - 3*r + 7 = -4*r. Suppose 5*n = 4*h + t - 104, 4*n - 29 = -j*h. What are the prime factors of h?
3, 5
Suppose 3*j - 1 = h, 0 = -4*h - h - 5*j - 5. Let o = 33 + h. List the prime factors of o.
2
Let p be 1/6 + 58/12. Suppose -4*v = -9*v + p. Suppose -4*g = -v - 35. List the prime factors of g.
3
Let k be (-16)/28 - (-64)/14. Suppose -194 - 134 = -k*b. List the prime factors of b.
2, 41
Suppose 5*p - 4*p - 307 = 0. List the prime factors of p.
307
Let g = 11 - 18. Let x be (-1 + 2)*224/4. Let n = x + g. What are the prime factors of n?
7
Suppose -236*b = -237*b + 485. List the prime factors of b.
5, 97
Let x be -1 + -1 + ((-5)/1)/(-1). Suppose -b = x*h + 2*h - 462, 0 = h - 4*b - 105. List the prime factors of h.
3, 31
Suppose 5*d - l + 57 = -13, -4*d - l = 65. Let s(n) = 4*n**2 + 46*n - 25. What are the prime factors of s(d)?
5, 37
What are the prime factors of (-37411)/(-66) + 1/6?
3, 7
Let p(y) = 5*y. Let c be p(-1). Let f be 26/65 + 2/c. Suppose n - 3*k - 2*k - 31 = f, -k = 0. What are the prime factors of n?
31
Let b = -112 + 126. List the prime factors of 21/b - (93/(-2) - 0).
2, 3
Suppose 2*p + 1932 = -10*p. Let d = -99 - p. What are the prime factors of d?
2, 31
Let c(k) = 686*k - 100. List the prime factors of c(2).
2, 3, 53
Suppose 25 = 7*h - 2*h. Suppose 2 = -b + 6*j - 3*j, 2*b = -h*j + 40. What are the prime factors of b?
2, 5
List the prime factors of -1 + 5 + -7 - (2 - 116).
3, 37
Suppose -952 = -2*d - 3*v + v, 2*d - v = 943. List the prime factors of d.
11, 43
Suppose 1746 = 5*l + l. Suppose t - 5*m = 4*t - l, 2*t - 213 = 3*m. What are the prime factors of t?
2, 3, 17
Let d(n) = -n**3 - 5*n**2 - 2*n + 4. Let z be d(-4). Let a be z - 2/4*-6. What are the prime factors of a/(-1) + (19 - -9)?
29
Suppose -8*u + 534 = 102. Suppose 0 = 2*a - u - 108. What are the prime factors of a?
3
Suppose 4*j + 2*c = -20, -2*j + 3*c = 2*j + 10. Let h = 4 + j. Suppose 0 = -h*d - 3*d - 5*b + 80, 4 = b. What are the prime factors of d?
2, 5
Let k = 6982 + -4504. List the prime factors of k.
2, 3, 7, 59
What are the prime factors of (18/(-27))/(6/24786*-3)?
2, 3, 17
Suppose 0 = 6*g + 397 - 7447. Suppose 4*n + 2*h - 940 = 0, -3*n + 4*h = -8*n + g. What are the prime factors of n?
5, 47
Suppose -1615*p + 1613*p + 2486 = 0. What are the prime factors of p?
11, 113
What are the prime factors of (80/(-25))/(-8) - 25989/(-15)?
1733
Suppose 14*o - 10305 - 2267 = 0. What are the prime factors of o?
2, 449
Let m(z) = z**3 + 7*z**2 - 10*z - 1. Let q be m(-8). Suppose 0 = 2*c - c + q. Let w = c + 37. List the prime factors of w.
2, 11
Let o(h) be the second derivative of -2*h**3/3 - h**2 + 133*h. Let t = 0 + -6. List the prime factors of o(t).
2, 11
Let m be -1*(18 + (-3)/1). Let x = m - -79. What are the prime factors of x?
2
Let a(d) = 311*d**2 + 15*d + 31. What are the prime factors of a(-2)?
3, 5, 83
Suppose 40016 = 37*b - 20997. What are the prime factors of b?
17, 97
Let k = -26 + 23. Let f(h) = -54*h**2 - 6*h + 1. Let m(g) = 54*g**2 + 7*g - 2. Let x(i) = k*m(i) - 4*f(i). What are the prime factors of x(-1)?
53
Suppose 6*c - 27 = 3*c + 4*l, -3*c + 2*l = -21. Let i = -210 - -248. Let h = i + c. What are the prime factors of h?
43
Let s = 23 - 16. Suppose 5*c + 45 = -4*p, -3 = -c + 3*p + s. List the prime factors of (-2)/(((-10)/(-7))/c).
7
Let b(n) = -18*n - 15. Let g = -56 - -52. What are the prime factors of b(g)?
3, 19
Let k(v) = -v**2 - 6*v + 1. Let s be k(-5). Suppose -2*b - 124 = -s*b. What are the prime factors of b?
31
Let p = 18364 + -12939. What are the prime factors of p?
5, 7, 31
Let x(p) = -p + 8*p**2 - 2*p**3 + 4*p + p**2 - 10 + p**3. Suppose -12 + 4 = -z. What are the prime factors of x(z)?
2, 3, 13
Let u be (-2338)/(-6) + 3/9. Suppose 5*p = -q - u, q + 5 + 0 = 0. Let h = p - -158. List the prime factors of h.
3
Let u(p) = p**2 + 17*p - 28. Let c be u(-11). List the prime factors of (-2)/10 + 23*c/(-10).
2, 3
Suppose 3*y - 5 = -4*a, 3*a - 5*y - 7 = 2*a. Let v be (a + -2 - -11)*3. Let z = v - 23. What are the prime factors of z?
2, 5
Let r(g) = 1058*g**2 + 7*g + 8. What are the prime factors of r(-1)?
3, 353
Suppose 4*u - 1709 = -485. List the prime factors of u.
2, 3, 17
Let q be (22/55)/(1/5). Suppose q*g = -g + 525. List the prime factors of g.
5, 7
Let v = 2248 + -1139. List the prime factors of v.
1109
Suppose 1 = -3*m + 2*b - 0*b, -3*m = -4*b - 1. Let h = -5 - m. Let u = 8 + h. List the prime factors of u.
2
Suppose -3*u + 3007 = -164. List the prime factors of u.
7, 151
Suppose -2*i - 2*y = -1368 - 1810, -8 = 4*y. What are the prime factors of i?
37, 43
Let d = -16 + 26. What are the prime factors of d/(-4)*(-2 + 336/(-15))?
61
List the prime factors of (8298/(-24))/(((-195)/40)/13).
2, 461
Suppose 0*w - 2*w = 8, 16 = 2*h - 3*w. Suppose 4*c - 6*c = -4*o - 172, -h*c - 5*o = -154. What are the prime factors of c?
2, 41
Let m = 3 + -25. Let v = 111 + m. What are the prime factors of v?
89
Let b(m) = 4*m - 12. Let s be b(6). What are the prime factors of 11/(s/9 + -1)?
3, 11
Suppose 4*y = 6*a - a - 12711, 5*y = 5. List the prime factors of a.
2543
Let a(l) = l**3 - 2*l**2 + 17. Let o be a(0). Let p(j) = o*j + 0*j**3 - 2*j**2 - 18*j + 1 + j**3. What are the prime factors of p(4)?
29
Let j = 21 + -13. Let v be -5 + j + (-1 - 34). List the prime factors of v/(-6)*(-3)/(-1).
2
Let l(f) be the second derivative of -f**6/240 - f**4/12 - 3*f. Let x(k) be the third derivative of l(k). What are the prime factors of x(-8)?
2, 3
Let b(n) = -n**2 + 5*n - 3. Let i be 1/(-2) + 14/4. Let g be b(i). Suppose -7*z + 44 = -g*z. What are the prime factors of z?
11
Let y = 7 - -11. Let k = 6 + y. What are the prime factors of k?
2, 3
Let y(x) be the first derivative of -7*x**4/4 - x**3 + 2*x - 5. Let o be y(-2). Let f = o + -28. List the prime factors of f.
2, 3
Suppose 0 = 7*o + 5*o - 2160. Suppose -6*f = -10*f + o. What are the prime factors of f?
3, 5
Let q(n) = -19*n - 47. Let w(b) = -39*b - 96. Let y(i) = 9*q(i) - 4*w(i). List the prime factors of y(-6).
3, 17
Let p be ((-6)/12 + (-2)/4)*-942. Suppose -c = 5*c - p. List the prime factors of c.
157
Let t = -12 + 12. Suppose -3*a +